en a is divided by 11.
8
Let y(s) = 3*s - 10. Let w be y(5). Suppose -w*n + 404 = 3*z - 0*z, -3*z = 4*n - 325. Calculate the remainder when n is divided by 27.
25
Let t(z) = -z**3 - 5*z**2 - 4*z - 5. Let j be t(-4). Let n(x) = -x**3 - 5*x**2 - 6*x + 4. Calculate the remainder when n(j) is divided by 18.
16
Suppose 3 = m, 85 = -3*k + 5*k + m. Calculate the remainder when k is divided by 14.
13
Let t(s) be the first derivative of -5*s**2/2 - 1. Let x be 2*(-3 - -2)*2. Calculate the remainder when 58 is divided by t(x).
18
Let s(l) = -l**3 + l - 2. Calculate the remainder when 8 is divided by s(-2).
0
Let t(h) = -h**3 + 12*h**2 - 8*h - 13. Calculate the remainder when 58 is divided by t(11).
18
What is the remainder when 24 is divided by 3 - (-8 - (3 + -1))?
11
What is the remainder when (3/9 + -2)*-15 is divided by (-1 - 17)*(-3)/6?
7
Suppose 5*d = -89 + 229. What is the remainder when 16 is divided by (6/(-7))/((-4)/d)?
4
Let t = 4 + -4. Suppose -s - 2*f = -t*s - 44, 4*f = -4. What is the remainder when s is divided by 16?
14
Let x(p) = p**2 + 2*p - 3. Suppose 494 = -5*j + c + c, -4*j + 3*c - 398 = 0. What is the remainder when (-8)/(-24) + j/(-3) is divided by x(-5)?
9
Let q(w) be the first derivative of w**3/3 - 5*w**2/2 - 1. Calculate the remainder when 17 is divided by q(6).
5
Let x = 58 + -30. Let t = 9 - -1. Calculate the remainder when x is divided by t.
8
Suppose -3*w - n - 8 = -6*n, n = 2*w - 4. Let l = 20 - w. Calculate the remainder when 46 is divided by l.
14
Let x = 136 + -132. What is the remainder when 78 is divided by x?
2
Let z = -1 - -7. Calculate the remainder when z is divided by 3.
0
Let q(l) = l**3 + l**2 + l + 4. Let d be q(0). Suppose 28 + 2 = 3*a - u, -a - 3 = d*u. Calculate the remainder when (-1 + 2)/(1/17) is divided by a.
8
Let q(u) = -u**3 - u + 4. Let m(l) = 3*l**3 + l**2 + 2*l - 11. Let g(h) = 3*m(h) + 8*q(h). Calculate the remainder when 19 is divided by g(-3).
4
Let l(m) = 28*m**2 + 20*m + 9. Let y(q) = 9*q**2 + 7*q + 3. Let a(r) = 3*l(r) - 8*y(r). What is the remainder when a(-2) is divided by 15?
13
Let a = -318 + 639. What is the remainder when a is divided by 23?
22
Suppose 3*s - 31 - 14 = 0. Calculate the remainder when 73 is divided by s.
13
Suppose 5*i - 185 = -0*i. Calculate the remainder when 147 is divided by i.
36
Suppose 65 - 2 = -s. What is the remainder when 43 is divided by (-3)/4 - s/4?
13
Suppose 0 = 7*v - 82 - 86. What is the remainder when 70 is divided by v?
22
Let s = -27 + 54. Let o = s + 33. Suppose n = 3*k - 100, -4*k - n + o = -2*k. Calculate the remainder when k is divided by 11.
10
Let h(l) = l**2 - 6*l - 10. Let w be h(8). Suppose -w*r + 15 = -r. Let a = 34 + -33. Calculate the remainder when r is divided by a.
0
Let u(v) = -v**2 + 26*v - 11. Calculate the remainder when u(24) is divided by 10.
7
Let b = 2 - -2. Suppose -36 = b*n - 2*c - 2*c, 0 = 5*n + 4*c + 18. Calculate the remainder when 1 - -1 - 192/n is divided by 12.
10
Suppose 58 + 12 = 5*u. Let s(v) = -v**3 + 15*v**2 - 13*v - 10. What is the remainder when 15 is divided by s(u)?
3
Suppose -2*a = -2, -3*c + 1 = -5*a - 12. Let s = -13 + 18. Suppose -u + 6*u - 25 = 0, s*h - u - 75 = 0. Calculate the remainder when h is divided by c.
4
What is the remainder when ((-25)/(-3))/((-2)/(-6)) is divided by (-270)/(-20) - (-2)/(-4)?
12
Let p = -67 - -94. Let s(y) = -5*y - 3. Let z be s(-2). Suppose -z*d = -2*d - 70. What is the remainder when p is divided by d?
13
Suppose 0 = -5*q - 12 + 2, 58 = 3*r + q. Let x(n) = -n**3 - 24*n**2 - 24*n - 16. Calculate the remainder when r is divided by x(-23).
6
Suppose -88 + 9 = -z. Let o(m) = -m**2 + m + 20. What is the remainder when z is divided by o(0)?
19
Suppose 3*t - 24 = t. What is the remainder when 46 is divided by t?
10
Let x be (20/(-12))/(2/(-6)). Let u(s) = -s**3 + 5*s**2 + s + 4. What is the remainder when 15 is divided by u(x)?
6
Let g = 21 - -23. Let r = 86 - g. Suppose 13*l - 44 = 9*l. What is the remainder when r is divided by l?
9
Suppose -5*b + 289 = 9. Calculate the remainder when b is divided by 18.
2
Let s = 9 - 1. Calculate the remainder when 13 is divided by s.
5
Let j = -21 + 55. What is the remainder when j is divided by 9?
7
Suppose h + 0*h = 0. Suppose -4*l - 96 = -5*p - 7*l, -5*p - l + 102 = h. Calculate the remainder when 40 is divided by p.
19
Let i be (-3)/2*4/(-3). Let w be (-140)/8*(i + -8). Suppose -6*r + r = -w. Calculate the remainder when 41 is divided by r.
20
Suppose 0*c = 5*c + 15, 2*a - 3*c - 115 = 0. Calculate the remainder when a is divided by 11.
9
Let y(f) = -f**3 + 6*f**2 - f + 2. What is the remainder when 55 is divided by y(4)?
25
Let s(a) = a**2 + a + 5. Let o be s(0). Let r = o + 13. What is the remainder when (40/(-6))/((-12)/r) is divided by 6?
4
Suppose -165 = 7*f - 10*f. What is the remainder when f is divided by 29?
26
Suppose 0 = -2*u - 3*u + 640. What is the remainder when u is divided by 26?
24
Suppose -2*p = -0*v + 2*v, -4*p - 24 = -2*v. Let x(t) = t - 1. Suppose -3*s = 2*r - 11, 17 = -2*r + 6*r + s. What is the remainder when r is divided by x(v)?
1
Let o = 101 - -38. Suppose -5*h = 24 - o. What is the remainder when 67 is divided by h?
21
Let m(b) = b + 40. What is the remainder when 71 is divided by m(-28)?
11
Let y(x) = -10*x - 39. Let m = -77 - -138. Calculate the remainder when m is divided by y(-6).
19
Suppose 0 = 3*v + 5*c - 37 - 1, -2*c + 8 = 0. Suppose -3*t + v = -t. Suppose 4*i = 59 - t. What is the remainder when i is divided by 8?
6
Let q = -11 + 14. Suppose -q*j + 39 = -2*j. What is the remainder when j is divided by 2/3 - 174/(-9)?
19
Let o(s) = -s**2 + 8*s - 4. Let b be o(7). Let z(c) = 3*c + 2. Calculate the remainder when z(b) is divided by 4.
3
Let x(z) = 2*z**2 - 2*z + 10. What is the remainder when 42 is divided by x(3)?
20
Suppose -4*b = 4*n + 32, 2*b + 15 = -4*n - 9. Let h(g) = g**2 - 2*g - 5. Calculate the remainder when h(n) is divided by 5.
4
Suppose 22 = 5*x - 3*m, -m = -1 - 0. Suppose 3*k = 2*k + x. Calculate the remainder when k is divided by 2.
1
Let p = 3 + -4. Calculate the remainder when (p - -20) + (-3)/(-1) is divided by 12.
10
What is the remainder when ((-65)/(-5))/((-1)/(-2)) is divided by 14?
12
Let w = 65 + -36. Suppose -t + 5*i = -58, -5*t - 5*i + 230 = -0*t. Let d = t - w. What is the remainder when 56 is divided by d?
18
Suppose f + 0*f = -2. Let y be 91 - (f/1)/(-2). Suppose 0 = -x - 4*x + y. Calculate the remainder when x is divided by 10.
8
Calculate the remainder when 11 + 5 + (-3)/3 is divided by 10.
5
Let n(r) = 6*r**2 + 4*r - 1. Suppose -i - 107 = -5*q + i, 0 = -5*i - 5. What is the remainder when n(-3) is divided by q?
20
Suppose -4*z + z + 12 = 0. Let y = 144 - 142. What is the remainder when z is divided by y?
0
Suppose 3*o - 49 + 10 = -2*m, -2*m + 50 = 4*o. Calculate the remainder when o is divided by 6.
5
Suppose -6*s + s + 55 = 0. Let u(c) = -2*c**3 - 6*c**2 - c - 4. What is the remainder when u(-4) is divided by s?
10
Let i(k) = 2*k - 2. Let g be i(3). Let f = 9 - g. Let m(p) = -p**3 + 7*p**2 - 7*p + 4. Calculate the remainder when 56 is divided by m(f).
18
Suppose -3*v - 4*n + 6*n = 4, 2*v = -5*n + 29. Let l(b) = -5*b - 14. What is the remainder when v is divided by l(-3)?
0
Let k(h) = h**3 + 4*h**2 - 4*h + 6. Let w be k(-5). What is the remainder when w/((-3)/(-60))*2 is divided by 14?
12
What is the remainder when 119 is divided by (272/51)/(2/9)?
23
Let x(r) = 4*r**2 - 5*r + 2. Suppose -5*c = -a - 14, 2*a + 13 = 5*c - 0*a. Calculate the remainder when x(c) is divided by 8.
7
Let h = -164 - -273. What is the remainder when h is divided by 56?
53
Let i be 0*(15/9)/5. Suppose i = -2*q + 6*q - 48. What is the remainder when 33 is divided by q?
9
Suppose -10*z = -11*z + 5. Calculate the remainder when (-1)/3 - (-56)/6 is divided by z.
4
Let j = -3 - -11. Suppose 0 = 4*h + 209 + 31. Let t = -38 - h. Calculate the remainder when t is divided by j.
6
Let u = 106 + -63. Suppose 3*w - 5*k - u = 0, 0 = 2*w + k - 3 - 17. What is the remainder when 43 is divided by w?
10
Suppose z - t = -4*z + 50, 0 = 5*t + 25. What is the remainder when z is divided by 3?
0
Suppose -4*m - 9 = -29. Let b = 1 + 1. Calculate the remainder when m is divided by b.
1
Let n = 5 + -1. Let t(r) = r**2 + 4*r - 2.